hat is the ten thousands digit of 812619?
1
What is the tens digit of 14624692?
9
What is the tens digit of 1547327?
2
What is the hundred thousands digit of 2744697?
7
What is the tens digit of 97377?
7
What is the thousands digit of 2542946?
2
What is the tens digit of 12619883?
8
What is the hundred thousands digit of 412830?
4
What is the tens digit of 2818843?
4
What is the units digit of 4318127?
7
What is the ten thousands digit of 293589?
9
What is the ten thousands digit of 111457?
1
What is the thousands digit of 331065?
1
What is the tens digit of 488033?
3
What is the tens digit of 65106?
0
What is the ten thousands digit of 1182246?
8
What is the thousands digit of 101486?
1
What is the tens digit of 187825?
2
What is the tens digit of 22433?
3
What is the tens digit of 224158?
5
What is the thousands digit of 8684?
8
What is the hundreds digit of 73115?
1
What is the units digit of 1038708?
8
What is the ten thousands digit of 22076965?
7
What is the millions digit of 8963005?
8
What is the ten thousands digit of 709877?
0
What is the millions digit of 1212302?
1
What is the thousands digit of 837604?
7
What is the hundreds digit of 5085067?
0
What is the thousands digit of 1558974?
8
What is the tens digit of 142760?
6
What is the hundred thousands digit of 129179?
1
What is the units digit of 2850738?
8
What is the ten thousands digit of 1050705?
5
What is the thousands digit of 752691?
2
What is the tens digit of 25679342?
4
What is the ten thousands digit of 294041?
9
What is the hundreds digit of 181732?
7
What is the units digit of 100145?
5
What is the hundreds digit of 489072?
0
What is the millions digit of 2878679?
2
What is the thousands digit of 804843?
4
What is the units digit of 679094?
4
What is the hundreds digit of 363089?
0
What is the thousands digit of 690360?
0
What is the ten thousands digit of 906981?
0
What is the tens digit of 245348?
4
What is the hundred thousands digit of 7566275?
5
What is the ten thousands digit of 16357099?
5
What is the hundred thousands digit of 483655?
4
What is the tens digit of 1484500?
0
What is the tens digit of 168299?
9
What is the thousands digit of 110469?
0
What is the hundreds digit of 7581982?
9
What is the units digit of 11114539?
9
What is the hundreds digit of 10882973?
9
What is the millions digit of 2313493?
2
What is the hundreds digit of 3503525?
5
What is the thousands digit of 1294381?
4
What is the hundred thousands digit of 3936981?
9
What is the units digit of 1629354?
4
What is the tens digit of 3176179?
7
What is the hundred thousands digit of 8785038?
7
What is the hundreds digit of 11808214?
2
What is the millions digit of 3456624?
3
What is the hundred thousands digit of 653713?
6
What is the hundred thousands digit of 939418?
9
What is the ten thousands digit of 1841146?
4
What is the tens digit of 2355434?
3
What is the tens digit of 4606?
0
What is the tens digit of 873?
7
What is the tens digit of 349080?
8
What is the tens digit of 668446?
4
What is the ten thousands digit of 2544855?
4
What is the ten thousands digit of 216931?
1
What is the thousands digit of 441599?
1
What is the hundreds digit of 8405781?
7
What is the hundreds digit of 21807932?
9
What is the thousands digit of 423753?
3
What is the units digit of 1231780?
0
What is the tens digit of 269410?
1
What is the hundred thousands digit of 514860?
5
What is the hundreds digit of 1896949?
9
What is the millions digit of 1855137?
1
What is the thousands digit of 1748001?
8
What is the tens digit of 9886939?
3
What is the millions digit of 4199292?
4
What is the hundred thousands digit of 15083519?
0
What is the tens digit of 114707?
0
What is the thousands digit of 9980?
9
What is the ten thousands digit of 672765?
7
What is the units digit of 112088?
8
What is the tens digit of 3435485?
8
What is the millions digit of 14965777?
4
What is the units digit of 11295235?
5
What is the units digit of 4504833?
3
What is the tens digit of 5658123?
2
What is the ten thousands digit of 4634560?
3
What is the units digit of 3562778?
8
What is the tens digit of 1040086?
8
What is the hundreds digit of 214066?
0
What is the tens digit of 129051?
5
What is the units digit of 1603529?
9
What is the tens digit of 7696728?
2
What is the hundreds digit of 14122186?
1
What is the units digit of 10285?
5
What is the units digit of 5724415?
5
What is the thousands digit of 258858?
8
What is the hundreds digit of 3792412?
4
What is the hundred thousands digit of 395626?
3
What is the thousands digit of 33360?
3
What is the hundred thousands digit of 648922?
6
What is the thousands digit of 18298481?
8
What is the hundred thousands digit of 3185374?
1
What is the millions digit of 4688748?
4
What is the ten millions digit of 11341878?
1
What is the units digit of 1004001?
1
What is the hundred thousands digit of 358611?
3
What is the units digit of 3054837?
7
What is the ten thousands digit of 677538?
7
What is the hundreds digit of 28442?
4
What is the thousands digit of 50304?
0
What is the hundreds digit of 572725?
7
What is the tens digit of 299557?
5
What is the hundred thousands digit of 532748?
5
What is the ten thousands digit of 7614138?
1
What is the hundreds digit of 14205953?
9
What is the tens digit of 11893564?
6
What is the hundred thousands digit of 2885730?
8
What is the hundreds digit of 1308644?
6
What is the units digit of 1227089?
9
What is the millions digit of 2729609?
2
What is the units digit of 479715?
5
What is the ten thousands digit of 10809?
1
What is the hundreds digit of 8930173?
1
What is the ten thousands digit of 9282698?
8
What is the hundreds digit of 403971?
9
What is the hundred thousands digit of 819027?
8
What is the ten millions digit of 14479388?
1
What is the ten thousands digit of 810336?
1
What is the units digit of 5710901?
1
What is the ten thousands digit of 242100?
4
What is the hundred thousands digit of 7170246?
1
What is the ten thousands digit of 63447?
6
What is the units digit of 448888?
8
What is the thousands digit of 5372128?
2
What is the hundred thousands digit of 23405677?
4
What is the hundreds digit of 3741879?
8
What is the thousands digit of 649976?
9
What is the thousands digit of 60391?
0
What is the hundred thousands digit of 488337?
4
What is the hundreds digit of 133658?
6
What is the thousands digit of 315458?
5
What is the tens digit of 47468?
6
What is the units digit of 272503?
3
What is the hundreds digit of 15030?
0
What is the ten thousands digit of 2017234?
1
What is the hundreds digit of 3618950?
9
What is the ten thousands digit of 5579389?
7
What is the thousands digit of 361375?
1
What is the units digit of 2625582?
2
What is the units digit of 841968?
8
What is the ten thousands digit of 2376558?
7
What is the thousands digit of 435359?
5
What is the ten thousands digit of 983494?
8
What is the thousands digit of 783459?
3
What is the units digit of 52167?
7
What is the thousands digit of 245941?
5
What is the tens digit of 69924?
2
What is the ten thousands digit of 1813903?
1
What is the millions digit of 1624090?
1
What is the units digit of 163118?
8
What is the hundred thousands digit of 9676640?
6
What is the ten thousands digit of 7596105?
9
What is the thousands digit of 186660?
6
What is the hundred thousands digit of 698861?
6
What is the millions digit of 3094256?
3
What is the tens digit of 4871784?
8
What is the hundred thousands digit of 37120477?
1
What is the millions digit of 16585439?
6
What is the hundreds digit of 151317?
3
What is the hundreds digit of 1347778?
7
What is the hundred thousands digit of 100252?
1
What is the thousands digit of 1559148?
9
What is the units digit of 290428?
8
What is the tens digit of 1642395?
9
What is the hundreds digit of 306304?
3
What is the tens digit of 417452?
5
What is the units digit of 198884?
4
What is the tens digit of 2245234?
3
What is the ten thousands digit of 2440744?
4
What is the tens digit of 7425596?
9
What is the units digit of 635667?
7
What is the hundreds digit of 1477804?
8
What is the ten thousands digit of 3237887?
3
What is the thousands digit of 11947343?
7
What is the units digit of 166473?
3
What is the ten thousands digit of 119852?
1
